{"id":2,"date":"2020-04-03T15:53:34","date_gmt":"2020-04-03T15:53:34","guid":{"rendered":"https:\/\/2020.doktagung.de\/?page_id=2"},"modified":"2020-06-16T13:16:07","modified_gmt":"2020-06-16T13:16:07","slug":"sample-page","status":"publish","type":"page","link":"https:\/\/2020.doktagung.de\/?page_id=2","title":{"rendered":"Anreise und Infos"},"content":{"rendered":"\t\t<div data-elementor-type=\"wp-page\" data-elementor-id=\"2\" class=\"elementor elementor-2\" data-elementor-settings=\"[]\">\n\t\t\t\t\t\t<div class=\"elementor-inner\">\n\t\t\t\t\t\t\t<div class=\"elementor-section-wrap\">\n\t\t\t\t\t\t\t<section class=\"elementor-section elementor-top-section elementor-element elementor-element-43ae5cc elementor-section-stretched elementor-section-full_width elementor-section-height-full elementor-section-height-default elementor-section-items-middle\" data-id=\"43ae5cc\" data-element_type=\"section\" data-settings=\"{&quot;stretch_section&quot;:&quot;section-stretched&quot;,&quot;background_background&quot;:&quot;classic&quot;}\">\n\t\t\t\t\t\t<div class=\"elementor-container elementor-column-gap-no\">\n\t\t\t\t\t\t\t<div class=\"elementor-row\">\n\t\t\t\t\t<div class=\"elementor-column elementor-col-100 elementor-top-column elementor-element elementor-element-58755be\" data-id=\"58755be\" data-element_type=\"column\">\n\t\t\t<div class=\"elementor-column-wrap elementor-element-populated\">\n\t\t\t\t\t\t\t<div class=\"elementor-widget-wrap\">\n\t\t\t\t\t\t<div class=\"elementor-element elementor-element-05bd676 elementor-widget__width-inherit elementor-widget elementor-widget-heading\" data-id=\"05bd676\" data-element_type=\"widget\" data-widget_type=\"heading.default\">\n\t\t\t\t<div class=\"elementor-widget-container\">\n\t\t\t<h2 class=\"elementor-heading-title elementor-size-xl\">Anreise <\/h2>\t\t<\/div>\n\t\t\t\t<\/div>\n\t\t\t\t\t\t<\/div>\n\t\t\t\t\t<\/div>\n\t\t<\/div>\n\t\t\t\t<div class=\"elementor-column elementor-col-100 elementor-top-column elementor-element elementor-element-565b851\" data-id=\"565b851\" data-element_type=\"column\">\n\t\t\t<div class=\"elementor-column-wrap elementor-element-populated\">\n\t\t\t\t\t\t\t<div class=\"elementor-widget-wrap\">\n\t\t\t\t\t\t<div class=\"elementor-element elementor-element-f69c3bf elementor-fixed elementor-widget elementor-widget-heading\" data-id=\"f69c3bf\" data-element_type=\"widget\" data-settings=\"{&quot;_position&quot;:&quot;fixed&quot;}\" data-widget_type=\"heading.default\">\n\t\t\t\t<div class=\"elementor-widget-container\">\n\t\t\t<h2 class=\"elementor-heading-title elementor-size-default\">Anreise und Infos<\/h2>\t\t<\/div>\n\t\t\t\t<\/div>\n\t\t\t\t<div class=\"elementor-element elementor-element-c3dfec4 elementor-fixed elementor-widget elementor-widget-heading\" data-id=\"c3dfec4\" data-element_type=\"widget\" data-settings=\"{&quot;_position&quot;:&quot;fixed&quot;}\" data-widget_type=\"heading.default\">\n\t\t\t\t<div class=\"elementor-widget-container\">\n\t\t\t<h2 class=\"elementor-heading-title elementor-size-default\">Anreise und Infos<br><\/h2>\t\t<\/div>\n\t\t\t\t<\/div>\n\t\t\t\t\t\t<\/div>\n\t\t\t\t\t<\/div>\n\t\t<\/div>\n\t\t\t\t\t\t\t\t<\/div>\n\t\t\t\t\t<\/div>\n\t\t<\/section>\n\t\t\t\t<section class=\"elementor-section elementor-top-section elementor-element elementor-element-2cc8cce5 elementor-section-boxed elementor-section-height-default elementor-section-height-default\" data-id=\"2cc8cce5\" data-element_type=\"section\">\n\t\t\t\t\t\t<div class=\"elementor-container elementor-column-gap-default\">\n\t\t\t\t\t\t\t<div class=\"elementor-row\">\n\t\t\t\t\t<div class=\"elementor-column elementor-col-100 elementor-top-column elementor-element elementor-element-78bffd17\" data-id=\"78bffd17\" data-element_type=\"column\">\n\t\t\t<div class=\"elementor-column-wrap elementor-element-populated\">\n\t\t\t\t\t\t\t<div class=\"elementor-widget-wrap\">\n\t\t\t\t\t\t<div class=\"elementor-element elementor-element-133f581 elementor-widget elementor-widget-spacer\" data-id=\"133f581\" data-element_type=\"widget\" data-widget_type=\"spacer.default\">\n\t\t\t\t<div class=\"elementor-widget-container\">\n\t\t\t\t\t<div class=\"elementor-spacer\">\n\t\t\t<div class=\"elementor-spacer-inner\"><\/div>\n\t\t<\/div>\n\t\t\t\t<\/div>\n\t\t\t\t<\/div>\n\t\t\t\t<div class=\"elementor-element elementor-element-db0b34e elementor-widget elementor-widget-text-editor\" data-id=\"db0b34e\" data-element_type=\"widget\" data-widget_type=\"text-editor.default\">\n\t\t\t\t<div class=\"elementor-widget-container\">\n\t\t\t\t\t<div class=\"elementor-text-editor elementor-clearfix\"><p><span style=\"caret-color: #000000; color: #000000;\">Wir haben versucht einen Ort f\u00fcr die Tagung zu finden, der sich einigerma\u00dfen mittig in Deutschland befindet, ein angemessenes Ambiente bereit h\u00e4lt und das knappe Budget (eures wie unseres) nicht zu sehr belastet. Im Wasserschloss Oberau glauben wir f\u00fcndig geworden zu sein. \u00dcbernachtungen und Vollpension sind im Tagungsbeitrag enthalten.&nbsp;<\/span><\/p><\/div>\n\t\t\t\t<\/div>\n\t\t\t\t<\/div>\n\t\t\t\t<div class=\"elementor-element elementor-element-52a6857 elementor-arrows-position-outside elementor-widget elementor-widget-image-carousel\" data-id=\"52a6857\" data-element_type=\"widget\" data-settings=\"{&quot;slides_to_show&quot;:&quot;1&quot;,&quot;navigation&quot;:&quot;arrows&quot;,&quot;pause_on_interaction&quot;:&quot;no&quot;,&quot;autoplay_speed&quot;:4992,&quot;autoplay&quot;:&quot;yes&quot;,&quot;pause_on_hover&quot;:&quot;yes&quot;,&quot;infinite&quot;:&quot;yes&quot;,&quot;effect&quot;:&quot;slide&quot;,&quot;speed&quot;:500}\" data-widget_type=\"image-carousel.default\">\n\t\t\t\t<div class=\"elementor-widget-container\">\n\t\t\t\t\t<div class=\"elementor-image-carousel-wrapper swiper-container\" dir=\"ltr\">\n\t\t\t<div class=\"elementor-image-carousel swiper-wrapper\">\n\t\t\t\t<div class=\"swiper-slide\"><figure class=\"swiper-slide-inner\"><img class=\"swiper-slide-image\" src=\"https:\/\/2020.doktagung.de\/wp-content\/uploads\/2020\/04\/JB-01-768x535.jpg\" alt=\"Schloss von S\u00fcdwesten\" \/><figcaption class=\"elementor-image-carousel-caption\">Schloss von S\u00fcdwesten<\/figcaption><\/figure><\/div><div class=\"swiper-slide\"><figure class=\"swiper-slide-inner\"><img class=\"swiper-slide-image\" src=\"https:\/\/2020.doktagung.de\/wp-content\/uploads\/2020\/04\/JB-02-768x536.jpg\" alt=\"Schlo\u00df und Gutsverwalterhaus um 1816\" \/><figcaption class=\"elementor-image-carousel-caption\">Schlo\u00df und Gutsverwalterhaus um 1816<\/figcaption><\/figure><\/div><div class=\"swiper-slide\"><figure class=\"swiper-slide-inner\"><img class=\"swiper-slide-image\" src=\"https:\/\/2020.doktagung.de\/wp-content\/uploads\/2020\/04\/JB-17-768x535.jpg\" alt=\"Au\u00dfengel\u00e4nde\" \/><figcaption class=\"elementor-image-carousel-caption\">Au\u00dfengel\u00e4nde<\/figcaption><\/figure><\/div>\t\t\t<\/div>\n\t\t\t\t\t\t\t\t\t\t\t\t\t\t\t\t<div class=\"elementor-swiper-button elementor-swiper-button-prev\">\n\t\t\t\t\t\t<i class=\"eicon-chevron-left\" aria-hidden=\"true\"><\/i>\n\t\t\t\t\t\t<span class=\"elementor-screen-only\">Zur\u00fcck<\/span>\n\t\t\t\t\t<\/div>\n\t\t\t\t\t<div class=\"elementor-swiper-button elementor-swiper-button-next\">\n\t\t\t\t\t\t<i class=\"eicon-chevron-right\" aria-hidden=\"true\"><\/i>\n\t\t\t\t\t\t<span class=\"elementor-screen-only\">Weiter<\/span>\n\t\t\t\t\t<\/div>\n\t\t\t\t\t\t\t\t\t<\/div>\n\t\t\t\t<\/div>\n\t\t\t\t<\/div>\n\t\t\t\t<div class=\"elementor-element elementor-element-647723b elementor-widget elementor-widget-text-editor\" data-id=\"647723b\" data-element_type=\"widget\" data-widget_type=\"text-editor.default\">\n\t\t\t\t<div class=\"elementor-widget-container\">\n\t\t\t\t\t<div class=\"elementor-text-editor elementor-clearfix\"><p>Bilder mit freundlicher Genehmigung durch Open houses<\/p><\/div>\n\t\t\t\t<\/div>\n\t\t\t\t<\/div>\n\t\t\t\t<div class=\"elementor-element elementor-element-6cf5318b elementor-widget elementor-widget-text-editor\" data-id=\"6cf5318b\" data-element_type=\"widget\" data-widget_type=\"text-editor.default\">\n\t\t\t\t<div class=\"elementor-widget-container\">\n\t\t\t\t\t<div class=\"elementor-text-editor elementor-clearfix\"><p><!-- wp:paragraph --><\/p>\n<h2><b>Adresse:<\/b><\/h2>\n<p><a style=\"font-size: 1rem;\" href=\"http:\/\/www.openhouses.de\/SeminarhaeuserUndGruppenunterkuenfte\/SeminarhausSchlossOberau?\">Seminarhaus Schlo\u00df Oberau<\/a><br \/><span style=\"font-size: 1rem; letter-spacing: -0.1px;\">Thomas-M\u00fcntzer-Ring 6,\u00a0<\/span><\/p>\n<p><span style=\"font-size: 1rem;\">01689 Niederau, Ortsteil Oberau<br \/><\/span>Landkreis Mei\u00dfen, Sachsen<\/p>\n<p>Website: <a href=\"http:\/\/www.openhouses.de\/SeminarhaeuserUndGruppenunterkuenfte\/SeminarhausSchlossOberau?\">http:\/\/www.openhouses.de\/SeminarhaeuserUndGruppenunterkuenfte\/SeminarhausSchlossOberau?<\/a><\/p>\n<p>Das Seminarhaus ist leider nicht ganz barrierefrei. Es gibt aber L\u00f6sungen. Im Fall der F\u00e4lle schreibt uns an, damit wir diese gemeinsam besprechen k\u00f6nnen.<\/p>\n<p><!-- \/wp:paragraph --><\/p>\n<p><!-- wp:heading --><\/p>\n<h2><a>An- und Abreise<\/a><\/h2>\n<p><!-- \/wp:heading --><\/p>\n<p><!-- wp:paragraph --><\/p>\n<p>Oberau befindet sich einen knappen Kilometer vom\u00a0<strong>Bahnhof<\/strong>\u00a0<b>Niederau<\/b> entfernt, der an der Bahnstrecke Dresden \u2013 Leipzig liegt. Von dort besteht bis nach Mitternacht st\u00fcndlicher Zugverkehr in beiden Richtungen.\u00a0<br \/>Die Bahnh\u00f6fe Weinb\u00f6hla (an der Strecke Berlin \u2013 Elsterwerda \u2013 Dresden), Neus\u00f6rnewitz und Mei\u00dfen (S-Bahn-Strecke nach Dresden) sind jeweils etwa 5 Kilometer entfernt.\u00a0<\/p>\n<p><!-- \/wp:paragraph --><\/p>\n<p><!-- wp:image {\"align\":\"center\",\"id\":103,\"sizeSlug\":\"full\",\"className\":\"is-style-default\"} --><\/p>\n<div>\n<figure><a href=\"https:\/\/www.openstreetmap.org\/directions?engine=fossgis_osrm_car&amp;route=51.1769%2C13.5608%3B51.1848%2C13.5544#map=16\/51.1808\/13.5592\"><img src=\"https:\/\/2020.doktagung.de\/wp-content\/uploads\/2020\/04\/Map.png\" alt=\"\" \/><\/a><\/figure>\n<\/div>\n<div>\n<p><!-- \/wp:button --><\/p>\n<\/div>\n<p><!-- \/wp:buttons --><\/p><\/div>\n\t\t\t\t<\/div>\n\t\t\t\t<\/div>\n\t\t\t\t\t\t<\/div>\n\t\t\t\t\t<\/div>\n\t\t<\/div>\n\t\t\t\t\t\t\t\t<\/div>\n\t\t\t\t\t<\/div>\n\t\t<\/section>\n\t\t\t\t<section class=\"elementor-section elementor-top-section elementor-element elementor-element-0cb04fb elementor-section-boxed elementor-section-height-default elementor-section-height-default\" data-id=\"0cb04fb\" data-element_type=\"section\">\n\t\t\t\t\t\t<div class=\"elementor-container elementor-column-gap-default\">\n\t\t\t\t\t\t\t<div class=\"elementor-row\">\n\t\t\t\t\t<div class=\"elementor-column elementor-col-100 elementor-top-column elementor-element elementor-element-daf5d29\" data-id=\"daf5d29\" data-element_type=\"column\">\n\t\t\t<div class=\"elementor-column-wrap elementor-element-populated\">\n\t\t\t\t\t\t\t<div class=\"elementor-widget-wrap\">\n\t\t\t\t\t\t<div class=\"elementor-element elementor-element-dc0fbb1 elementor-align-center elementor-widget elementor-widget-button\" data-id=\"dc0fbb1\" data-element_type=\"widget\" data-widget_type=\"button.default\">\n\t\t\t\t<div class=\"elementor-widget-container\">\n\t\t\t\t\t<div class=\"elementor-button-wrapper\">\n\t\t\t<a href=\"https:\/\/www.openstreetmap.org\/directions?engine=fossgis_osrm_car&#038;route=51.1769%2C13.5608%3B51.1848%2C13.5544#map=16\/51.1808\/13.5592\" target=\"_blank\" class=\"elementor-button-link elementor-button elementor-size-sm\" role=\"button\">\n\t\t\t\t\t\t<span class=\"elementor-button-content-wrapper\">\n\t\t\t\t\t\t<span class=\"elementor-button-icon elementor-align-icon-left\">\n\t\t\t\t<i aria-hidden=\"true\" class=\"far fa-map\"><\/i>\t\t\t<\/span>\n\t\t\t\t\t\t<span class=\"elementor-button-text\">link zu Openstreetmap<\/span>\n\t\t<\/span>\n\t\t\t\t\t<\/a>\n\t\t<\/div>\n\t\t\t\t<\/div>\n\t\t\t\t<\/div>\n\t\t\t\t\t\t<\/div>\n\t\t\t\t\t<\/div>\n\t\t<\/div>\n\t\t\t\t\t\t\t\t<\/div>\n\t\t\t\t\t<\/div>\n\t\t<\/section>\n\t\t\t\t\t\t<\/div>\n\t\t\t\t\t\t<\/div>\n\t\t\t\t\t<\/div>\n\t\t","protected":false},"excerpt":{"rendered":"<p>Anreise Anreise und Infos Anreise und Infos Wir haben versucht einen Ort f\u00fcr die Tagung zu finden, der sich einigerma\u00dfen mittig in Deutschland befindet, ein angemessenes Ambiente bereit h\u00e4lt und das knappe Budget (eures wie unseres) nicht zu sehr belastet. Im Wasserschloss Oberau glauben wir f\u00fcndig geworden zu sein. \u00dcbernachtungen und Vollpension sind im Tagungsbeitrag &hellip; <\/p>\n<p class=\"link-more\"><a href=\"https:\/\/2020.doktagung.de\/?page_id=2\" class=\"more-link\"><span class=\"screen-reader-text\">\u201eAnreise und Infos\u201c<\/span> weiterlesen<\/a><\/p>\n","protected":false},"author":1,"featured_media":0,"parent":0,"menu_order":0,"comment_status":"closed","ping_status":"closed","template":"","meta":[],"yoast_head":"<!-- This site is optimized with the Yoast SEO plugin v15.9.1 - https:\/\/yoast.com\/wordpress\/plugins\/seo\/ -->\n<title>Anreise und Infos - 15. Doktorand*innentagung<\/title>\n<meta name=\"robots\" content=\"index, follow, max-snippet:-1, max-image-preview:large, max-video-preview:-1\" \/>\n<link rel=\"canonical\" href=\"https:\/\/2020.doktagung.de\/?page_id=2\" \/>\n<meta property=\"og:locale\" content=\"de_DE\" \/>\n<meta property=\"og:type\" content=\"article\" \/>\n<meta property=\"og:title\" content=\"Anreise und Infos - 15. Doktorand*innentagung\" \/>\n<meta property=\"og:description\" content=\"Anreise Anreise und Infos Anreise und Infos Wir haben versucht einen Ort f\u00fcr die Tagung zu finden, der sich einigerma\u00dfen mittig in Deutschland befindet, ein angemessenes Ambiente bereit h\u00e4lt und das knappe Budget (eures wie unseres) nicht zu sehr belastet. Im Wasserschloss Oberau glauben wir f\u00fcndig geworden zu sein. \u00dcbernachtungen und Vollpension sind im Tagungsbeitrag &hellip; \u201eAnreise und Infos\u201c weiterlesen\" \/>\n<meta property=\"og:url\" content=\"https:\/\/2020.doktagung.de\/?page_id=2\" \/>\n<meta property=\"og:site_name\" content=\"15. Doktorand*innentagung\" \/>\n<meta property=\"article:modified_time\" content=\"2020-06-16T13:16:07+00:00\" \/>\n<meta property=\"og:image\" content=\"https:\/\/2020.doktagung.de\/wp-content\/uploads\/2020\/04\/JB-01-768x535.jpg\" \/>\n<meta name=\"twitter:card\" content=\"summary_large_image\" \/>\n<meta name=\"twitter:label1\" content=\"Gesch\u00e4tzte Lesezeit\">\n\t<meta name=\"twitter:data1\" content=\"1\u00a0Minute\">\n<script type=\"application\/ld+json\" class=\"yoast-schema-graph\">{\"@context\":\"https:\/\/schema.org\",\"@graph\":[{\"@type\":\"WebSite\",\"@id\":\"https:\/\/2020.doktagung.de\/#website\",\"url\":\"https:\/\/2020.doktagung.de\/\",\"name\":\"15. Doktorand*innentagung\",\"description\":\"\",\"potentialAction\":[{\"@type\":\"SearchAction\",\"target\":\"https:\/\/2020.doktagung.de\/?s={search_term_string}\",\"query-input\":\"required name=search_term_string\"}],\"inLanguage\":\"de\"},{\"@type\":\"ImageObject\",\"@id\":\"https:\/\/2020.doktagung.de\/?page_id=2#primaryimage\",\"inLanguage\":\"de\",\"url\":\"https:\/\/2020.doktagung.de\/wp-content\/uploads\/2020\/04\/JB-01.jpg\",\"width\":800,\"height\":557,\"caption\":\"Schloss von S\\u00fcdwesten\"},{\"@type\":[\"WebPage\",\"CollectionPage\"],\"@id\":\"https:\/\/2020.doktagung.de\/?page_id=2#webpage\",\"url\":\"https:\/\/2020.doktagung.de\/?page_id=2\",\"name\":\"Anreise und Infos - 15. Doktorand*innentagung\",\"isPartOf\":{\"@id\":\"https:\/\/2020.doktagung.de\/#website\"},\"primaryImageOfPage\":{\"@id\":\"https:\/\/2020.doktagung.de\/?page_id=2#primaryimage\"},\"datePublished\":\"2020-04-03T15:53:34+00:00\",\"dateModified\":\"2020-06-16T13:16:07+00:00\",\"breadcrumb\":{\"@id\":\"https:\/\/2020.doktagung.de\/?page_id=2#breadcrumb\"},\"inLanguage\":\"de\",\"potentialAction\":[{\"@type\":\"ReadAction\",\"target\":[\"https:\/\/2020.doktagung.de\/?page_id=2\"]}]},{\"@type\":\"BreadcrumbList\",\"@id\":\"https:\/\/2020.doktagung.de\/?page_id=2#breadcrumb\",\"itemListElement\":[{\"@type\":\"ListItem\",\"position\":1,\"item\":{\"@type\":\"WebPage\",\"@id\":\"https:\/\/2020.doktagung.de\/\",\"url\":\"https:\/\/2020.doktagung.de\/\",\"name\":\"Home\"}},{\"@type\":\"ListItem\",\"position\":2,\"item\":{\"@type\":\"WebPage\",\"@id\":\"https:\/\/2020.doktagung.de\/?page_id=2\",\"url\":\"https:\/\/2020.doktagung.de\/?page_id=2\",\"name\":\"Anreise und Infos\"}}]}]}<\/script>\n<!-- \/ Yoast SEO plugin. -->","_links":{"self":[{"href":"https:\/\/2020.doktagung.de\/index.php?rest_route=\/wp\/v2\/pages\/2"}],"collection":[{"href":"https:\/\/2020.doktagung.de\/index.php?rest_route=\/wp\/v2\/pages"}],"about":[{"href":"https:\/\/2020.doktagung.de\/index.php?rest_route=\/wp\/v2\/types\/page"}],"author":[{"embeddable":true,"href":"https:\/\/2020.doktagung.de\/index.php?rest_route=\/wp\/v2\/users\/1"}],"replies":[{"embeddable":true,"href":"https:\/\/2020.doktagung.de\/index.php?rest_route=%2Fwp%2Fv2%2Fcomments&post=2"}],"version-history":[{"count":80,"href":"https:\/\/2020.doktagung.de\/index.php?rest_route=\/wp\/v2\/pages\/2\/revisions"}],"predecessor-version":[{"id":339,"href":"https:\/\/2020.doktagung.de\/index.php?rest_route=\/wp\/v2\/pages\/2\/revisions\/339"}],"wp:attachment":[{"href":"https:\/\/2020.doktagung.de\/index.php?rest_route=%2Fwp%2Fv2%2Fmedia&parent=2"}],"curies":[{"name":"wp","href":"https:\/\/api.w.org\/{rel}","templated":true}]}}