{"id":86,"date":"2020-04-10T19:28:34","date_gmt":"2020-04-10T19:28:34","guid":{"rendered":"https:\/\/2020.doktagung.de\/?page_id=86"},"modified":"2021-06-10T15:54:04","modified_gmt":"2021-06-10T15:54:04","slug":"call-for-papers","status":"publish","type":"page","link":"https:\/\/2020.doktagung.de\/?page_id=86","title":{"rendered":"Call for Papers"},"content":{"rendered":"\t\t<div data-elementor-type=\"wp-page\" data-elementor-id=\"86\" class=\"elementor elementor-86\" data-elementor-settings=\"[]\">\n\t\t\t\t\t\t<div class=\"elementor-inner\">\n\t\t\t\t\t\t\t<div class=\"elementor-section-wrap\">\n\t\t\t\t\t\t\t<section class=\"elementor-section elementor-top-section elementor-element elementor-element-abaf1f6 elementor-section-stretched elementor-section-full_width elementor-section-height-full elementor-section-height-default elementor-section-items-middle\" data-id=\"abaf1f6\" data-element_type=\"section\" data-settings=\"{&quot;stretch_section&quot;:&quot;section-stretched&quot;,&quot;background_background&quot;:&quot;classic&quot;}\">\n\t\t\t\t\t\t<div class=\"elementor-container elementor-column-gap-default\">\n\t\t\t\t\t\t\t<div class=\"elementor-row\">\n\t\t\t\t\t<div class=\"elementor-column elementor-col-100 elementor-top-column elementor-element elementor-element-3e15107\" data-id=\"3e15107\" data-element_type=\"column\">\n\t\t\t<div class=\"elementor-column-wrap elementor-element-populated\">\n\t\t\t\t\t\t\t<div class=\"elementor-widget-wrap\">\n\t\t\t\t\t\t<div class=\"elementor-element elementor-element-ab5ef92 elementor-widget elementor-widget-heading\" data-id=\"ab5ef92\" data-element_type=\"widget\" data-widget_type=\"heading.default\">\n\t\t\t\t<div class=\"elementor-widget-container\">\n\t\t\t<h2 class=\"elementor-heading-title elementor-size-default\">Call for Papers<\/h2>\t\t<\/div>\n\t\t\t\t<\/div>\n\t\t\t\t\t\t<\/div>\n\t\t\t\t\t<\/div>\n\t\t<\/div>\n\t\t\t\t\t\t\t\t<\/div>\n\t\t\t\t\t<\/div>\n\t\t<\/section>\n\t\t\t\t<section class=\"elementor-section elementor-top-section elementor-element elementor-element-c2e5093 elementor-section-boxed elementor-section-height-default elementor-section-height-default\" data-id=\"c2e5093\" data-element_type=\"section\">\n\t\t\t\t\t\t<div class=\"elementor-container elementor-column-gap-default\">\n\t\t\t\t\t\t\t<div class=\"elementor-row\">\n\t\t\t\t\t<div class=\"elementor-column elementor-col-100 elementor-top-column elementor-element elementor-element-f09e86a\" data-id=\"f09e86a\" data-element_type=\"column\">\n\t\t\t<div class=\"elementor-column-wrap\">\n\t\t\t\t\t\t\t<div class=\"elementor-widget-wrap\">\n\t\t\t\t\t\t\t\t<\/div>\n\t\t\t\t\t<\/div>\n\t\t<\/div>\n\t\t\t\t\t\t\t\t<\/div>\n\t\t\t\t\t<\/div>\n\t\t<\/section>\n\t\t\t\t<section class=\"elementor-section elementor-top-section elementor-element elementor-element-3883960e elementor-section-boxed elementor-section-height-default elementor-section-height-default\" data-id=\"3883960e\" data-element_type=\"section\">\n\t\t\t\t\t\t<div class=\"elementor-container elementor-column-gap-default\">\n\t\t\t\t\t\t\t<div class=\"elementor-row\">\n\t\t\t\t\t<div class=\"elementor-column elementor-col-100 elementor-top-column elementor-element elementor-element-62f25183\" data-id=\"62f25183\" data-element_type=\"column\">\n\t\t\t<div class=\"elementor-column-wrap elementor-element-populated\">\n\t\t\t\t\t\t\t<div class=\"elementor-widget-wrap\">\n\t\t\t\t\t\t<div class=\"elementor-element elementor-element-2bfbb056 elementor-widget elementor-widget-text-editor\" data-id=\"2bfbb056\" data-element_type=\"widget\" data-widget_type=\"text-editor.default\">\n\t\t\t\t<div class=\"elementor-widget-container\">\n\t\t\t\t\t<div class=\"elementor-text-editor elementor-clearfix\"><p><!-- wp:paragraph --><\/p>\n<p><strong>Zwischendurch die Promotion?!<\/strong><strong>\u00a0<\/strong><\/p>\n<p><!-- \/wp:paragraph --><\/p>\n<p><!-- wp:paragraph --><\/p>\n<p><em>15. dgv-Doktorand*innentagung vom 15.-17. Oktober 2021 in Oberau\/ Sachsen<\/em><\/p>\n<p><span id=\"docs-internal-guid-3dd44ab3-7fff-d1ea-814e-c8849d33b2aa\"><span style=\"font-size: 10pt; font-family: Arial; font-style: italic; font-variant-ligatures: normal; font-variant-east-asian: normal; font-variant-position: normal; vertical-align: baseline; white-space: pre-wrap;\"><span style=\"text-decoration: underline;\">Covid 19 Disclaimer<\/span>:<\/span><\/span><span style=\"font-family: Arial; font-size: 10pt; font-style: italic; white-space: pre-wrap;\"> Sollte ein Treffen in Pr\u00e4senz nicht m\u00f6glich sein, werden wir auf ein passendes Online-Format ausweichen. Wir freuen uns auf ein anregendes Wochenende mit interessanten Beitr\u00e4gen.<\/span><\/p>\n<p><!-- \/wp:paragraph --><\/p>\n<p><!-- wp:paragraph --><\/p>\n<p>W\u00e4hrend der Promotion befinden wir uns in vielerlei Hinsicht in Zwischenr\u00e4umen: Als Forscher*innen sind wir in unsere Projekte involviert und schaffen unseren Forschungsgegenstand stets auch ein St\u00fcck weit mit. Dabei sollen wir Neues erdenken, Fachtraditionen aber gleichfalls nicht vergessen. Als Doktorand*innen spielen wir viele Rollen \u2013 wir sind Studierende, die in einem Betreuungsverh\u00e4ltnis stehen, zugleich h\u00e4ufig prek\u00e4r arbeitende Wissenschaftler*innen und Lehrende.<\/p>\n<p><!-- \/wp:paragraph --><\/p>\n<p><!-- wp:paragraph --><\/p>\n<p>Wie wir Ph\u00e4nomene betrachten und die Art und Weise, wie sich der Weg zur fertigen Doktorarbeit gestaltet, ist nicht nur von uns als Individuen abh\u00e4ngig, sondern darin spiegeln sich ebenfalls akademische Strukturen: Standortprofile, Betreuungsverh\u00e4ltnisse, F\u00f6rder- und Projektgegebenheiten, (inter-)disziplin\u00e4re Grenzen oder Verbindungen.<\/p>\n<p><!-- \/wp:paragraph --><\/p>\n<p><!-- wp:paragraph --><\/p>\n<p>Auf der dgv-Doktorand*innentagung 2021 m\u00f6chten wir eben diese Zwischenr\u00e4ume ins Zentrum r\u00fccken, das strukturelle Dazwischen und die vielseitigen Verschr\u00e4nkungen\u00a0 ausleuchten, in die unsere Projekte aber auch wir als Promovierende selbst eingebunden sind. Als Promovierende sollen wir mit 100 Prozent bei der Sache sein und hochwertige Forschung leisten, unser arbeitendes Selbst ungeachtet prek\u00e4rer Arbeitsbedingungen in der akademischen Welt vermarkten und geeignete Strategien zur Kommunikation unserer Ergebnisse \u00fcber die Wissenschaftslandschaft hinaus ausloten.<\/p>\n<p><!-- \/wp:paragraph --><\/p>\n<p><!-- wp:paragraph --><\/p>\n<p>Das Bestehen innerhalb akademischer Strukturen und die Praktiken wissenschaftlichen (Zusammen-)Arbeitens sollen daher von einem h\u00e4ufig am Rande diskutierten Aspekt zu einem zentralen Thema erhoben und mit der inhaltlichen Diskussion unserer Projekte verschr\u00e4nkt werden: Erz\u00e4hlt uns von euren Arbeitsumfeldern oder welchen Weg ihr f\u00fcr eure Dissertationen eingeschlagen habt. Wie l\u00e4sst sich aus der Verunsicherung heraus zusammenarbeiten? Wie formulieren wir unsere Interessen unter den gegebenen Arbeitsverh\u00e4ltnissen und welche T\u00fccken bringt ein solches Engagement mit sich? Gibt es M\u00f6glichkeiten und Wege, R\u00e4ume gemeinsamer Reflexion und kollaborativen Schreibens zu schaffen? Wer liest unsere Arbeiten am Ende \u00fcberhaupt und f\u00fcr wen schreiben wir?\u00a0<\/p>\n<p><!-- \/wp:paragraph --><\/p>\n<p><!-- wp:paragraph --><\/p>\n<p>Im Sinne einer Forschungswerkstatt bietet die Tagung Promovierenden der Kulturanthropologie\/ Europ\u00e4ischen Ethnologie\/ Empirischen Kulturwissenschaft\/ Volkskunde und benachbarter Disziplinen somit die M\u00f6glichkeit, sich auszutauschen, zu vernetzen und von den Erfahrungen anderer zu lernen. Gemeinsam wollen wir unsere Projekte diskutieren und weiterdenken, zweite und dritte Meinungen einholen und Erfahrungen zu allen Aspekten und in allen Phasen des Promovierens austauschen.<\/p>\n<p><!-- \/wp:paragraph --><\/p>\n<p><!-- wp:paragraph --><\/p>\n<p><strong>Beitr\u00e4ge<\/strong><\/p>\n<p><!-- \/wp:paragraph --><\/p>\n<p><!-- wp:paragraph --><\/p>\n<p>Wir freuen uns \u00fcber Beitr\u00e4ge in einem selbst gew\u00e4hlten Format (Vortrag, Poster, etc.), die neben der inhaltlichen Pr\u00e4sentation des eigenen Dissertationsprojekts beispielsweise auch methodische Fragen aufwerfen, \u00dcberlegungen zu Theoriebez\u00fcgen anstellen, Formen der Ergebnispr\u00e4sentation diskutieren oder den Schreibprozess selbst thematisieren. Gerne k\u00f6nnt ihr auch Ideen f\u00fcr die Gestaltung eines gesamten Panels oder Workshops einreichen \u2013 alle Themen und Formate sind willkommen.<\/p>\n<p><!-- \/wp:paragraph --><\/p>\n<p><!-- wp:paragraph --><\/p>\n<p><strong>Tagungsort<\/strong><\/p>\n<p><!-- \/wp:paragraph --><\/p>\n<p><!-- wp:paragraph --><\/p>\n<p>\u00dcber unsere Verortung innerhalb vorgegebener Strukturen l\u00e4sst es sich am besten nachdenken, wenn wir uns ein St\u00fcck hinaus bewegen. Aus diesem Grund findet die diesj\u00e4hrige Tagung weder an einer Universit\u00e4t statt, noch wird sie von einem einzelnen Institut ausgerichtet. Organisiert wird die Tagung von Promovierenden am Lehrstuhl f\u00fcr Vergleichende Kulturwissenschaft der Universit\u00e4t Regensburg, am Institut f\u00fcr S\u00e4chsische Geschichte und Volkskunde und am Institut f\u00fcr Kulturanthropologie und Europ\u00e4ischer Ethnologie der Universit\u00e4t Freiburg. Das kooperative \u201eDazwischen\u201c spiegelt sich auch im Tagungsort: dem Seminarhaus Wasserschloss Oberau bei Mei\u00dfen\/Sachsen.<\/p>\n<p><!-- \/wp:paragraph --><\/p>\n<p><!-- wp:paragraph --><\/p>\n<p><strong>Anmeldung<\/strong><\/p>\n<p><!-- \/wp:paragraph --><\/p>\n<p><!-- wp:paragraph --><\/p>\n<p>Sendet eure Vorschl\u00e4ge f\u00fcr Beitr\u00e4ge (ca. 300 W\u00f6rter) zusammen mit einem Kurz-CV bis zum 31. Juli 2021 an <del>info@doktagung.de<\/del>\u00a0<a href=\"mailto:info@doktagung.de\">\u00a0 \u00a0<\/a><a href=\"doktagung21@tutanota.com\">doktagung21@tutanota.com<\/a><del><br \/><\/del><\/p>\n<p><!-- \/wp:paragraph --><\/p>\n<p><!-- wp:paragraph --><\/p>\n<p>Die Anmeldung zur Teilnahme (ohne aktiven Beitrag) ist unter derselben Adresse bis zum 31. August 2021 m\u00f6glich. Durch die Einzahlung der Teilnahmegeb\u00fchr von 50 \u20ac ist die Anmeldung verbindlich.<\/p>\n<p><!-- \/wp:paragraph --><\/p>\n<p><!-- wp:paragraph --><\/p>\n<p>Wir freuen uns auf euch!<\/p>\n<p><!-- \/wp:paragraph --><\/p>\n<p><!-- wp:paragraph --><\/p>\n<p>Die Organisator*innen der 15. dgv-Doktorand*innentagung<\/p>\n<p><!-- \/wp:paragraph --><\/p><\/div>\n\t\t\t\t<\/div>\n\t\t\t\t<\/div>\n\t\t\t\t\t\t<\/div>\n\t\t\t\t\t<\/div>\n\t\t<\/div>\n\t\t\t\t\t\t\t\t<\/div>\n\t\t\t\t\t<\/div>\n\t\t<\/section>\n\t\t\t\t\t\t<\/div>\n\t\t\t\t\t\t<\/div>\n\t\t\t\t\t<\/div>\n\t\t","protected":false},"excerpt":{"rendered":"<p>Call for Papers Zwischendurch die Promotion?!\u00a0 15. dgv-Doktorand*innentagung vom 15.-17. Oktober 2021 in Oberau\/ Sachsen Covid 19 Disclaimer: Sollte ein Treffen in Pr\u00e4senz nicht m\u00f6glich sein, werden wir auf ein passendes Online-Format ausweichen. Wir freuen uns auf ein anregendes Wochenende mit interessanten Beitr\u00e4gen. W\u00e4hrend der Promotion befinden wir uns in vielerlei Hinsicht in Zwischenr\u00e4umen: Als &hellip; <\/p>\n<p class=\"link-more\"><a href=\"https:\/\/2020.doktagung.de\/?page_id=86\" class=\"more-link\"><span class=\"screen-reader-text\">\u201eCall for Papers\u201c<\/span> weiterlesen<\/a><\/p>\n","protected":false},"author":2,"featured_media":0,"parent":0,"menu_order":0,"comment_status":"closed","ping_status":"closed","template":"","meta":[],"yoast_head":"<!-- This site is optimized with the Yoast SEO plugin v15.9.1 - https:\/\/yoast.com\/wordpress\/plugins\/seo\/ -->\n<title>Call for Papers - 15. Doktorand*innentagung<\/title>\n<meta name=\"robots\" content=\"index, follow, max-snippet:-1, max-image-preview:large, max-video-preview:-1\" \/>\n<link rel=\"canonical\" href=\"https:\/\/2020.doktagung.de\/?page_id=86\" \/>\n<meta property=\"og:locale\" content=\"de_DE\" \/>\n<meta property=\"og:type\" content=\"article\" \/>\n<meta property=\"og:title\" content=\"Call for Papers - 15. Doktorand*innentagung\" \/>\n<meta property=\"og:description\" content=\"Call for Papers Zwischendurch die Promotion?!\u00a0 15. dgv-Doktorand*innentagung vom 15.-17. Oktober 2021 in Oberau\/ Sachsen Covid 19 Disclaimer: Sollte ein Treffen in Pr\u00e4senz nicht m\u00f6glich sein, werden wir auf ein passendes Online-Format ausweichen. Wir freuen uns auf ein anregendes Wochenende mit interessanten Beitr\u00e4gen. W\u00e4hrend der Promotion befinden wir uns in vielerlei Hinsicht in Zwischenr\u00e4umen: Als &hellip; \u201eCall for Papers\u201c weiterlesen\" \/>\n<meta property=\"og:url\" content=\"https:\/\/2020.doktagung.de\/?page_id=86\" \/>\n<meta property=\"og:site_name\" content=\"15. Doktorand*innentagung\" \/>\n<meta property=\"article:modified_time\" content=\"2021-06-10T15:54:04+00:00\" \/>\n<meta name=\"twitter:card\" content=\"summary_large_image\" \/>\n<meta name=\"twitter:label1\" content=\"Gesch\u00e4tzte Lesezeit\">\n\t<meta name=\"twitter:data1\" content=\"3\u00a0Minuten\">\n<script type=\"application\/ld+json\" class=\"yoast-schema-graph\">{\"@context\":\"https:\/\/schema.org\",\"@graph\":[{\"@type\":\"WebSite\",\"@id\":\"https:\/\/2020.doktagung.de\/#website\",\"url\":\"https:\/\/2020.doktagung.de\/\",\"name\":\"15. Doktorand*innentagung\",\"description\":\"\",\"potentialAction\":[{\"@type\":\"SearchAction\",\"target\":\"https:\/\/2020.doktagung.de\/?s={search_term_string}\",\"query-input\":\"required name=search_term_string\"}],\"inLanguage\":\"de\"},{\"@type\":\"WebPage\",\"@id\":\"https:\/\/2020.doktagung.de\/?page_id=86#webpage\",\"url\":\"https:\/\/2020.doktagung.de\/?page_id=86\",\"name\":\"Call for Papers - 15. Doktorand*innentagung\",\"isPartOf\":{\"@id\":\"https:\/\/2020.doktagung.de\/#website\"},\"datePublished\":\"2020-04-10T19:28:34+00:00\",\"dateModified\":\"2021-06-10T15:54:04+00:00\",\"breadcrumb\":{\"@id\":\"https:\/\/2020.doktagung.de\/?page_id=86#breadcrumb\"},\"inLanguage\":\"de\",\"potentialAction\":[{\"@type\":\"ReadAction\",\"target\":[\"https:\/\/2020.doktagung.de\/?page_id=86\"]}]},{\"@type\":\"BreadcrumbList\",\"@id\":\"https:\/\/2020.doktagung.de\/?page_id=86#breadcrumb\",\"itemListElement\":[{\"@type\":\"ListItem\",\"position\":1,\"item\":{\"@type\":\"WebPage\",\"@id\":\"https:\/\/2020.doktagung.de\/\",\"url\":\"https:\/\/2020.doktagung.de\/\",\"name\":\"Home\"}},{\"@type\":\"ListItem\",\"position\":2,\"item\":{\"@type\":\"WebPage\",\"@id\":\"https:\/\/2020.doktagung.de\/?page_id=86\",\"url\":\"https:\/\/2020.doktagung.de\/?page_id=86\",\"name\":\"Call for Papers\"}}]}]}<\/script>\n<!-- \/ Yoast SEO plugin. -->","_links":{"self":[{"href":"https:\/\/2020.doktagung.de\/index.php?rest_route=\/wp\/v2\/pages\/86"}],"collection":[{"href":"https:\/\/2020.doktagung.de\/index.php?rest_route=\/wp\/v2\/pages"}],"about":[{"href":"https:\/\/2020.doktagung.de\/index.php?rest_route=\/wp\/v2\/types\/page"}],"author":[{"embeddable":true,"href":"https:\/\/2020.doktagung.de\/index.php?rest_route=\/wp\/v2\/users\/2"}],"replies":[{"embeddable":true,"href":"https:\/\/2020.doktagung.de\/index.php?rest_route=%2Fwp%2Fv2%2Fcomments&post=86"}],"version-history":[{"count":34,"href":"https:\/\/2020.doktagung.de\/index.php?rest_route=\/wp\/v2\/pages\/86\/revisions"}],"predecessor-version":[{"id":451,"href":"https:\/\/2020.doktagung.de\/index.php?rest_route=\/wp\/v2\/pages\/86\/revisions\/451"}],"wp:attachment":[{"href":"https:\/\/2020.doktagung.de\/index.php?rest_route=%2Fwp%2Fv2%2Fmedia&parent=86"}],"curies":[{"name":"wp","href":"https:\/\/api.w.org\/{rel}","templated":true}]}}